 6 = 0, -7 = -2*f + 4*n - 1. Suppose 7*c - 18 = -3*u + 3*c, f*u + c = 9. Calculate the greatest common divisor of 1 and u.
1
Let v = -29 - -40. Let j be (3 + v/(-3))*-21. Calculate the greatest common divisor of 98 and j.
14
Let w = 3 - -7. Calculate the greatest common factor of w and 50.
10
Let z be (324/(-126))/(1/(-7)). Calculate the highest common factor of z and 90.
18
Let l be (-1071)/(-28) - (-3)/4. Suppose 0 = 5*u - 2*y - 70, -2*u = 2*y - 5*y - l. Suppose 13 = 4*o - 3. What is the greatest common factor of o and u?
4
Suppose -2*t + 14 = 4. Suppose -6*a + 4*a + t*n = -98, -196 = -4*a - 4*n. What is the greatest common divisor of a and 7?
7
Let m(p) = p**3 - 2*p**2 + 4*p - 5. Let r be m(5). Let k be -2 - (-106)/(-4)*-2. Let w = k + -33. Calculate the highest common divisor of r and w.
18
Suppose 4*r - g = g + 50, 2*g - 15 = -r. Let b(a) = 2*a**2 + 3*a - 5. Let q be b(4). What is the highest common divisor of q and r?
13
Let u(j) = j**3 - 6*j**2 - 8*j + 6. Let x be u(7). Let d be x/4 + (-363)/(-12). Calculate the greatest common divisor of d and 75.
15
Let i = -7 - -10. What is the highest common factor of 3 and i?
3
Let s(k) = -3*k + 1. Let p be s(5). Let i = -3 - p. Suppose 0 = -3*w + 3*y + 72 + 72, 0 = -3*w + 5*y + 152. Calculate the greatest common divisor of w and i.
11
Let l = -1 - -21. What is the highest common divisor of 4 and l?
4
Suppose 0 = -3*y + 4*y. Suppose y = i - 62 + 12. What is the highest common factor of 10 and i?
10
Suppose -2*z + 223 = -57. Let x(t) = 11*t - 2. Let d be x(2). What is the highest common factor of d and z?
20
Let m(s) = s + 54. Let w be m(-40). Let h = -17 + 31. What is the highest common divisor of w and h?
14
Let l(k) = k**3 + 7*k**2 + 5*k - 4. Let n be l(-6). Let h = n + -1. Suppose 0 = -3*j + h + 2. Calculate the greatest common factor of j and 11.
1
Let m(c) = 250*c - 2. Let d be m(1). What is the greatest common divisor of d and 31?
31
Let c be -1 - -3 - (-32)/2. Suppose -5*a = k - 52, -78 = 5*k - 4*a - 193. What is the highest common factor of k and c?
9
Suppose 0*n = 3*n - 4*c - 74, 4 = -2*c. What is the greatest common divisor of n and 2?
2
Suppose -5*f = 63 - 173. What is the greatest common divisor of 66 and f?
22
Let z = -6 - -70. What is the greatest common divisor of z and 96?
32
Suppose -s + 0*s = 0. Suppose s = -7*o + 4*o, 0 = 3*w - 4*o - 6. Let p = w - -3. What is the greatest common divisor of p and 20?
5
Let y = 173 + -19. What is the greatest common divisor of y and 14?
14
Suppose -4*l + 23 = 5*j, 4*l - 6*j + j = -7. What is the highest common factor of l and 2?
2
Let q be (-42)/1 - 4/4. Let i = 7 - q. Calculate the greatest common divisor of 10 and i.
10
Suppose -i = -3*i + 18. Let p be (-2)/(1 + 1) + 19. What is the highest common divisor of p and i?
9
Let x = 56 - 32. Let m be (8/12)/((-4)/(-6)). Suppose 31 + m = 2*f. Calculate the highest common factor of f and x.
8
Suppose 3*z - 202 + 34 = 0. What is the greatest common divisor of 14 and z?
14
Let z be (-504)/(-45) + 2/(-10). What is the greatest common factor of 11 and z?
11
Suppose -4*q + 2*r = 58, 3*r - 25 = -2*r. Let i be q*(-2)/(24/75). What is the greatest common factor of 15 and i?
15
Suppose 4*d + 29 - 101 = 0. Let g(q) = 3*q - 3. Let w be g(-3). Let h be (w/(-16))/((-1)/(-60)). Calculate the highest common factor of h and d.
9
Let q(c) = c**2 + 4*c + 10. Let b be q(-8). What is the highest common divisor of 14 and b?
14
Suppose -4*j - 43 = -107. Let n(u) = 19*u + 2. Let o be n(2). Calculate the highest common factor of j and o.
8
Let n be 66/((-4)/(-3) + 2/(-6)). Calculate the highest common factor of 110 and n.
22
Let b = 13 - 8. Suppose b*a = -4*h + 9*a + 108, -2*a = -h + 26. Suppose 4*g = -0*g + 280. What is the highest common divisor of g and h?
14
Let m be 1*1/((-2)/(-54)). Suppose -2*g + 78 = f + f, 0 = -f + 2*g + m. Calculate the highest common divisor of f and 5.
5
Suppose b + 3 + 4 = 0. Let h = -3 - b. Let x be (-318)/(-39) + (-4)/26. Calculate the greatest common divisor of x and h.
4
Suppose -s + 36 = 5*o, -s - 2*o = -31 + 7. Calculate the greatest common divisor of s and 20.
4
Let m = 2 + 8. Let q = -6 + m. Suppose q*b - 29 = 3. Calculate the highest common divisor of 4 and b.
4
Suppose 2*h - 4*k + k = 43, 22 = 2*h + 4*k. Calculate the highest common divisor of h and 17.
17
Let r(x) = -17*x - 30. Let d(j) = 8*j + 15. Let i(u) = -9*d(u) - 4*r(u). Let q be i(-6). Calculate the greatest common factor of q and 81.
9
Let o = 6 + -4. Let d be -27*((-132)/9)/o. What is the highest common factor of 18 and d?
18
Let d(n) = n**2 - 9*n + 4. Let k be d(7). Let x(l) = l**2 + 4*l + 12. Let c be x(k). What is the highest common factor of 9 and c?
9
Let i(q) = -5*q**3 + 2*q - 4. Let j be i(3). Let l = -34 - j. What is the greatest common divisor of l and 11?
11
Let q be 590/6 - (-2)/3. What is the greatest common factor of q and 9?
9
Let z = -1 + 7. Let a be ((-68)/10)/(z/(-30)). What is the highest common factor of a and 17?
17
Suppose 0 = -p + 13 + 14. Suppose -4*z = -3*l - p - 17, -2*z - 4*l + 22 = 0. Let o be 4/(-22) - (-24)/z. Calculate the greatest common divisor of o and 10.
2
Let k(c) = -2*c - 6. Let z be k(-14). Let a(d) = d**2 + 4*d + 1. Let w be a(3). Calculate the greatest common factor of z and w.
22
Suppose -4*m + 0 = -8. Suppose j + 0*j + 3 = 0, -3*c = -m*j - 12. Suppose 12 = 3*y - 0. Calculate the highest common factor of y and c.
2
Suppose 0 = -0*o + 2*o - 5*b - 9, -48 = -4*o + 4*b. What is the greatest common divisor of 85 and o?
17
Suppose -104 = 5*q + 131. Let l = q - 25. Let k = 127 + l. What is the highest common divisor of k and 22?
11
Let w be 0*(-1 + 0 - -2). Let a be -3*((4 - 3) + 0). Let r = w - a. Calculate the greatest common divisor of r and 1.
1
Let b be 3*((-15)/(-9) - 2). Let a be (-4 + -1)*(b - 2). Let h = -30 + 105. Calculate the greatest common factor of a and h.
15
Suppose 5*s - 60 = 20. Suppose -2*c + c = -s. Calculate the greatest common factor of 80 and c.
16
Let s be -2 + 0 + 0 - -1. Let w(j) = -4*j**3 + 1. Let g be w(s). Let i = 72 + -17. What is the greatest common factor of i and g?
5
Suppose -3*a = a - 40. Let g be (0 - 6)*(-1)/3. Let x be -2 + 2 + 28 + g. What is the greatest common factor of a and x?
10
Suppose -i + 140 = 4*i + j, 5*i - 140 = 5*j. Suppose 0 = z - 3*z + 20. Suppose -2*g + z + 4 = 0. What is the greatest common factor of g and i?
7
Suppose -5*t = 4*n - 144, 4*n - 27 = 4*t + 81. Let z = n - 22. Calculate the greatest common factor of 63 and z.
9
Suppose 92 = 3*z - r, 3*z - 6*z - 5*r = -116. What is the highest common factor of 16 and z?
16
Let d(l) be the first derivative of -1/4*l**4 + l**2 - 4*l + 1 + 2*l**3. Let x be d(6). Calculate the greatest common divisor of 32 and x.
8
Let d(p) = -7*p**2 - 12*p - 1. Let a(g) = 6*g**2 + 11*g. Let v(z) = -6*a(z) - 5*d(z). Let o be v(-6). What is the greatest common factor of 5 and o?
5
Let z(c) = -28*c - 11. Let a be z(-2). Calculate the greatest common divisor of a and 30.
15
Let a = -78 + 162. What is the highest common factor of 12 and a?
12
Suppose -6*i = -i - 120. Let d = 1 + 0. Suppose -d = -5*r + i. Calculate the greatest common divisor of 35 and r.
5
Suppose -5*m = -m + 24. Let x = 34 - m. What is the highest common factor of x and 20?
20
Let h = 45 - 32. Calculate the highest common divisor of h and 52.
13
Let z be (-16)/2*(20 + -3). Let j = -66 - z. Let r = j + -46. What is the highest common divisor of 6 and r?
6
Suppose -2*c + 4 = 14. Let v(m) = -3*m - 6. Let h be v(c). What is the highest common factor of 36 and h?
9
Let m = -138 - -142. Calculate the highest common factor of m and 1.
1
Let q(c) = -5*c + 1. Let d be (-3)/(-1 - (-3)/(-6)). Let i = d - 4. Let t be q(i). What is the highest common divisor of t and 55?
11
Suppose y = -2*q + 202, -5*y + 460 = 5*q - 565. What is the greatest common factor of y and 26?
26
Let f(h) = 3*h**3 - 3*h**2 - h + 2. Let q be ((-2)/3)/((-1)/3). Let c be f(q). Calculate the highest common factor of c and 12.
12
Let b be -36*((-51)/99 + 2/11). What is the highest common factor of b and 36?
12
Suppose 0 = -2*x + 6 - 0. What is the highest common divisor of 6 and x?
3
Let l be (-12)/8 + 615/6 + 0. Let r(z) = -10*z**2 - 2*z + 1. Let k be r(-2). Let f = k + l. Calculate the g